t is t(1)?
19
Let u(s) = 2169*s + 247102. Give u(-114).
-164
Let t(x) = 20*x**2 - 2601*x + 661. Determine t(130).
531
Let n(h) = -h**2 + 7673*h + 92263. Calculate n(-12).
43
Let s(d) = -2*d**2 + 77*d + 806. What is s(-10)?
-164
Let h(k) = 1378*k + 9703. Determine h(-7).
57
Let r(y) = 10130*y**2 + 81001*y - 14. Give r(-8).
298
Let x(w) = -34*w**2 - 1408*w - 348. Give x(-41).
226
Let s(h) = -8*h**2 - 17890*h + 13. Determine s(0).
13
Let u(n) = 37*n + 5881. Calculate u(-116).
1589
Let y(r) = -10*r + 325. Give y(-97).
1295
Let p(y) = 26668*y + 426689. What is p(-16)?
1
Let y(x) = x**3 - 92*x**2 + 1581*x + 282. Calculate y(69).
-132
Let q(i) = 15454*i - 386184. Determine q(25).
166
Let l(d) = -1091*d - 4666. What is l(-4)?
-302
Let a(l) = 4*l**3 + 37*l**2 - 927*l - 5500. Give a(-6).
530
Let c(a) = 729499*a + 14. What is c(0)?
14
Let c(i) = 363*i**2 + 557*i + 1117. Determine c(-2).
1455
Let g(j) = -2613*j + 13513. Give g(5).
448
Let c(o) = 13089*o - 39604. Calculate c(3).
-337
Let k(f) = -f**3 - 3*f**2 + 806*f + 3203. Determine k(-4).
-5
Let m(d) = 23*d**3 - 14351*d**2 - 632*d + 4995. Calculate m(624).
3
Let c(t) = -t**2 + 483*t - 6440. Calculate c(14).
126
Let h(k) = 560*k + 6637. Calculate h(-25).
-7363
Let s(r) = r**2 - 1649*r - 151013. Calculate s(-87).
19
Let h(y) = -412*y**3 - 9068*y**2 - 86*y + 57. What is h(-22)?
13
Let o(w) = -w**3 - 11*w**2 + 57*w + 162. What is o(-14)?
-48
Let d(c) = c**3 + 87*c**2 - 775*c - 1061. What is d(-95)?
364
Let w(u) = u**3 - 2402*u**2 - 24152*u - 312. Give w(-10).
8
Let s(v) = 3*v**2 - 1596*v + 61742. Give s(42).
2
Let k(c) = -c**2 - 3791*c - 1904204. Calculate k(-596).
16
Let o(k) = k**2 - 381650*k + 3434846. What is o(9)?
77
Let i(j) = -68134*j - 204390. What is i(-3)?
12
Let g(s) = s**3 - 2*s**2 - 772*s - 4311. What is g(-6)?
33
Let f(q) = 4401*q - 57333. Calculate f(13).
-120
Let a(o) = 1607*o + 29186. What is a(-19)?
-1347
Let x(m) = m**3 - 68*m**2 + 1115*m - 234. Give x(27).
-18
Let m(o) = 106*o**2 + 1485*o + 34. What is m(-14)?
20
Let t(p) = -3809*p - 12967. Give t(-3).
-1540
Let f(t) = -335*t - 3088. Calculate f(-8).
-408
Let x(m) = -2*m**3 + 34*m**2 + 1372*m + 12. Give x(-19).
-64
Let p(o) = -11307*o + 1616916. Calculate p(143).
15
Let z(q) = -q**2 + 71*q - 496. Give z(19).
492
Let b(l) = -l**3 + 81*l**2 - 1259*l + 646. What is b(20)?
-134
Let w(b) = -4193*b + 75445. What is w(18)?
-29
Let z(l) = 12*l**2 + 545*l + 122. Determine z(-45).
-103
Let x(n) = n**3 - 69*n**2 + 431*n - 127. Calculate x(62).
-313
Let r(w) = -2*w**3 - 308*w**2 - 170*w + 20964. Determine r(-153).
156
Let h(f) = f**2 - 2958*f - 14806. Calculate h(-5).
9
Let h(r) = -1375*r - 20373. Give h(-15).
252
Let y(w) = -31797*w - 95375. Give y(-3).
16
Let l(b) = 19*b**2 + 1869*b - 2814. Determine l(-100).
286
Let f(o) = -693*o + 15039. What is f(22)?
-207
Let h(t) = 5*t**3 + 35*t**2 + 259*t + 1470. Determine h(-6).
96
Let j(y) = 6*y**3 + 51*y**2 - 178*y - 356. What is j(-2)?
156
Let y(l) = -267*l**2 + 109*l - 154. What is y(3)?
-2230
Let q(j) = 9*j**2 + 5584*j - 354131. Determine q(58).
17
Let o(k) = -10*k**3 + 13*k**2 + 33*k - 56. Determine o(5).
-816
Let a(u) = 8*u**2 + 2753*u + 82291. Give a(-311).
-124
Let s(g) = g**3 + 5*g**2 + 7630*g + 30558. Determine s(-4).
54
Let h(y) = 217*y - 16341. Determine h(75).
-66
Let y(i) = -825*i**2 - 44553*i - 162. What is y(-54)?
0
Let u(r) = -1463*r + 27798. Give u(19).
1
Let p(x) = -2105*x - 191561. Give p(-91).
-6
Let i(w) = -1271*w + 180491. Calculate i(142).
9
Let v(p) = 6*p**3 - 713*p**2 - 136*p + 2006. What is v(119)?
-17
Let o(n) = n**3 + 503*n**2 + 60788*n - 4208. What is o(-301)?
6
Let v(w) = -317*w - 32013. What is v(-101)?
4
Let c(o) = -2*o**2 + 573*o + 602336. Give c(-424).
-168
Let w(k) = -k**2 + 13386*k - 520532. Determine w(39).
1
Let b(l) = 2*l**2 + 43*l + 723. Calculate b(-13).
502
Let u(r) = 4*r**2 - 184*r - 2874. What is u(59)?
194
Let s(x) = -69*x - 2102. Give s(-34).
244
Let w(i) = 2058*i**2 + 2050*i + 8. Give w(-1).
16
Let u(y) = -y**3 - 49*y**2 + 89*y + 4551. Determine u(-49).
190
Let p(h) = 3*h**2 + 37*h - 2210. Determine p(22).
56
Let c(j) = 38*j**2 + 6391*j - 18273. Calculate c(-171).
24
Let m(i) = -27682*i**2 - 28043*i. What is m(-1)?
361
Let g(j) = j**3 + 334*j**2 + 1039*j + 15628. Calculate g(-331).
402
Let s(v) = -33*v**2 - 331*v + 147. What is s(-10)?
157
Let f(c) = c**3 - 393*c**2 + 7824*c - 4515. Determine f(372).
-51
Let p(j) = 2*j**3 - 278*j**2 + 807*j + 355. Determine p(136).
-869
Let q(y) = 257617*y - 3349011. Determine q(13).
10
Let u(j) = -j**2 - 364*j - 20247. What is u(-68)?
-119
Let z(v) = 13*v**3 + 6*v**2 - 40*v + 116. Determine z(5).
1691
Let l(g) = -446*g - 12394. What is l(-28)?
94
Let d(j) = 46*j**2 + 7770*j - 7770. What is d(1)?
46
Let j(l) = -l**3 + 10*l**2 - 94*l + 29. What is j(5)?
-316
Let n(s) = s**3 - 1427*s**2 - 2881*s - 57. Calculate n(-2).
-11
Let f(a) = 2*a**2 - 6081*a - 42668. Calculate f(-7).
-3
Let d(s) = -118*s**2 - 407*s - 419. Give d(-1).
-130
Let x(d) = 157*d - 1394. What is x(9)?
19
Let r(u) = u**3 + 54*u**2 - 76*u + 1914. What is r(-56)?
-102
Let a(n) = 4*n**2 - 222*n + 46. Calculate a(55).
-64
Let j(i) = 10710*i + 1188842. Calculate j(-111).
32
Let i(g) = -2*g**3 + 5*g**2 - 144*g - 673. What is i(-4)?
111
Let x(o) = 6*o**2 - 148*o - 1065. Calculate x(-6).
39
Let m(l) = 2457*l + 24135. Give m(-10).
-435
Let a(z) = 2*z**3 + 52*z**2 - 17*z + 1192. Calculate a(-27).
193
Let a(t) = 5*t**2 - 2167*t + 6494. Give a(3).
38
Let x(l) = 8304*l - 16489. Determine x(2).
119
Let t(n) = n**2 + 32990*n - 230980. Calculate t(7).
-1
Let w(b) = -b**3 - 35*b**2 + 12*b + 2601. What is w(-33)?
27
Let s(h) = 3*h**3 + 18*h**2 + 7*h + 37. Give s(-7).
-159
Let h(f) = 47*f**2 + 428*f + 23. Calculate h(-10).
443
Let o(g) = -4*g**2 + 167*g - 1472. Give o(13).
23
Let y(r) = -75518*r + 377643. Determine y(5).
53
Let t(g) = -2*g**2 + 370*g + 7747. What is t(-19)?
-5
Let h(t) = -6*t**3 + 582*t**2 - 2499*t + 24834. Calculate h(93).
3
Let f(m) = 3224*m - 1325104. Give f(411).
-40
Let r(k) = k**3 + 2*k**2 - 76*k + 129. Calculate r(-10).
89
Let r(z) = -739*z - 16147. Calculate r(-22).
111
Let x(q) = -2*q**3 + 9*q**2 + 334*q + 8. What is x(16)?
-536
Let u(c) = -3*c**3 - 96*c**2 + 2*c - 3251. Give u(-33).
-50
Let h(z) = 61651*z + 246618. Determine h(-4).
14
Let p(s) = 5507*s - 16742. What is p(3)?
-221
Let l(v) = 216*v**2 + 1209*v + 1217. Calculate l(-1).
224
Let b(j) = j**2 + 410*j - 16099. Determine b(36).
-43
Let o(a) = 615*a - 19673. Determine o(39).
4312
Let h(n) = -25*n**3 - 245*n**2 + 355*n + 3018. Give h(-10).
-32
Let r(k) = -14*k**2 - 1402*k + 1253. Calculate r(-101).
41
Let d(p) = -16*p**2 - 1603*p - 1591. Determine d(-1).
-4
Let a(q) = 178*q + 14. What is a(2)?
370
Let c(n) = 4*n**3 - 21*n**2 + 147*n - 140. What is c(5)?
570
Let z(h) = -h**3 - 1162*h**2 + 15268*h + 89. What is z(13)?
-2
Let x(w) = -21*w**2 + 42*w - 105. What is x(10)?
-1785
Let z(d) = -3933*d - 23268. What is z(-6)?
330
Let m(y) = y**3 - 23*y**2 - 186*y + 2812. Calculate m(26).
4
Let u(j) = 8*j**2 + 2202*j - 10666. What is u(-280)?
-26
Let x(k) = -12*k**3 + 203*k**2 + 55*k - 868. Determine x(17).
-222
Let g(s) = s**3 + 370*s**2 + 12643*s + 998. Determine g(-38).
-28
Let m(s) = s**2 + 183*s - 7521. Give m(30).
-1131
Let t(f) = 1543*f**2 - 11*f - 84. What is t(0)?
-84
Let z(k) = -k**3 + 29*k**2 - 12255*k + 266239. Give z(22).
17
Let q(b) = -5*b**3 - 4*b**2 - 95*b + 369. Calculate q(3).
-87
Let z(u) = 38393*u + 806263. Calculate z(-21).
10
Let k(u) = -u**2 + 7292*u - 548473. What is k(76)?
-57
Let i(p) = -26*p**2 - 498*p + 18. Give i(-18).
558
Let j(n) = n**2 - 3041*n - 151396. Determine j(-49).
14
Let v(h) = -3*h**2 - 27242*h - 136130. What is v(-5)?
5
Let z(q) = 9*q**2 + 794*q + 6537. What is z(-9)?
120
Let d(c) = c**3 + 167*c**2 + 2278*c - 321. Determine d(-152).
-17
Let w(d) = d**3 + 137*d**2 + 1178*d + 218. Calculate w(-9).
-16
Let q(u) = -3*u**3 + 33*u**2 + 231*u - 2345. Calculate q(12).
-5
Let v(l) = l**3 - 282*l + 858. Give v(3).
39
Let h(n) = 2*n**3 - 5*n**2 - 19*n - 134. Give h(6).
4
Let a(t) = -t**2 + 7762*t + 2695626. Give a(-333).
-9
Let y(c) = -2*c**3 - 177*c**2 - 90*c - 186. Determine y(-88).
-10
Let v(y) = 22*y**3 - 3*y**2 - 37*y - 175. Calculate v(-4).
-1483
Let l(m) = 100*m + 2214